t c(s) = -8*a(s) + 3*z(s). Is c(i) a composite number?
True
Let g(r) = -6*r**2 - 4*r + 5. Let w(x) = 7*x**2 + 4*x - 5. Let c(h) = -6*g(h) - 5*w(h). Is c(6) prime?
False
Suppose 42 = 4*f - 342. Let d = 168 - f. Suppose -118 = -3*b - 5*i + d, -4*b = -i - 215. Is b a prime number?
False
Suppose 0 = -0*k + k + 3*j - 284, 2*k - j - 589 = 0. Is k a composite number?
False
Let i be ((-4)/10)/(1/(-25)). Suppose -r + 65 = -5*o - 79, 2*o + i = 0. Is r a composite number?
True
Suppose 0 = 4*o - 5*b - 1 - 31, b - 5 = -3*o. Suppose 0*f + o*f - 9 = 0. Suppose 66 = -f*l + 6*l. Is l a prime number?
False
Let a(k) = 9*k**2 - 8*k - 7. Is a(-10) composite?
True
Let k(h) = h**2 + 4*h + 4. Let y be k(-2). Suppose 1005 = 5*s - y*s. Is s a composite number?
True
Suppose 0*z = 3*z - 867. Is z prime?
False
Suppose 0 = x - 25 - 28. Is x prime?
True
Is ((-806)/(-8))/((-5)/(-20)) prime?
False
Let o(w) = 2*w**3 - w**2 - 4*w - 1. Suppose 24 + 12 = -2*v. Let s be 34/9 + (-4)/v. Is o(s) prime?
False
Suppose 2*i = -i + 2505. Is i composite?
True
Suppose j + 1 = 3. Suppose 725 = 3*w + j*w. Is w a prime number?
False
Suppose -3*k = -8*k + 175. Is k a prime number?
False
Suppose 4*d - 2 = 18. Suppose 3*a = d*a - 158. Is a a composite number?
False
Suppose -302 = 5*t - 2*g - 0*g, 0 = 4*t - 5*g + 228. Let b = -8 - t. Suppose -2*z = 6, 2*a - z - 51 = b. Is a composite?
True
Suppose -5 = -4*m - 17. Let h be (m/2)/(-3)*8. Suppose h*i = -4*n + 104, -i - 122 = -5*n + 2*i. Is n composite?
True
Let b = 158 + 53. Is b a composite number?
False
Suppose -5*c = -3*a - 69, -c - 2*a = a - 21. Is c a prime number?
False
Let f(s) = 19*s - 22. Let q(b) = 13*b - 15. Let l(o) = 5*f(o) - 7*q(o). Is l(6) prime?
True
Let f = 5 - 1. Let d(w) = 67*w - 5. Is d(f) a prime number?
True
Let b = 3 - -2. Is 39 - 5*2/b composite?
False
Suppose -420 = 3*x - 2*y, -432 = 3*x - 2*y + 4*y. Let a = -11 - x. Is a a prime number?
True
Suppose -t = 5*t - 48. Suppose -786 = -11*j + t*j. Is j a composite number?
True
Let j(o) = o**3 + 17*o**2 - 13*o + 8. Is j(-13) composite?
False
Let i = -642 + 367. Suppose -4*a + 4*r = -1912, -2*a + 3*r + 1399 = 443. Let f = a + i. Is f composite?
True
Let k be (12/8)/((-1)/2). Let j(g) = -3*g**3 - g**2 + 3*g - 4. Is j(k) composite?
False
Let d(w) = w**2 + w. Let m be d(-1). Suppose -2*c - l + 0 = -3, -2*c + 18 = -4*l. Suppose 6*p - c*p - 633 = m. Is p a prime number?
True
Suppose 0 = 2*f - 3*w - 143, 3*f - 3*w + 0*w - 222 = 0. Is f a composite number?
False
Let o(s) = s**2 + 9*s + 11. Let n be o(-8). Suppose 0 = l + 2*z + 97, -n*l - z + 3*z = 323. Let y = -56 - l. Is y composite?
True
Let a = 64 - 41. Let d = a + -43. Let g = 73 + d. Is g a composite number?
False
Is 3/4 + 7139/44 a composite number?
False
Let i(k) = -k**2 - 5*k - 2. Let j be i(-4). Let y(z) = -z - 1. Let p be y(j). Let b(d) = 5*d**2 + 4. Is b(p) a composite number?
True
Let q(p) = -24*p + 4. Let v be q(-5). Suppose -v = -3*k + 35. Is k composite?
False
Suppose 2*o + 2*f + 11 = -o, -o + 5*f = -19. Is (-7)/2*58/o composite?
True
Suppose -2*o = -7*o - 1515. Is 1/(2 + o/153) a composite number?
True
Let b(o) = 4*o + 3. Let m be b(4). Let i = 50 - m. Is i a composite number?
False
Suppose -5*g = 96 + 49. Let j = 60 - g. Suppose j - 26 = 3*y. Is y prime?
False
Is 1*(1 - -305 - -1) a composite number?
False
Suppose -2*p - 9 = 17. Let n = -9 - p. Is n a prime number?
False
Suppose -i + 5 = 4*i. Is (4 - i) + 67 + 1 prime?
True
Suppose -m + 5 = 2*v, 3*m = 3*v - 2*v - 13. Let g(q) = 3 - 48*q + 13*q - v. Is g(-2) composite?
True
Let i be (2*(-22)/4)/1. Let l = 20 - 18. Let a = l - i. Is a a prime number?
True
Is (526/(-4))/(10/(-20)) composite?
False
Suppose -3*m = -5*v + 1707 - 478, v - 2*m = 243. Let t = -126 + v. Is t a prime number?
False
Suppose 2*c = -o - 3*c + 248, -2*o + 3*c + 431 = 0. Is o a prime number?
True
Let j = 532 - 95. Let s = j + 2. Is s a composite number?
False
Let i = 838 - 457. Is i prime?
False
Let s be 104/(-10) + (-2)/(-5). Let m(b) = -7*b**2 + 3*b - 10. Let d be m(-7). Is d/s + 6/(-15) a prime number?
True
Let g = 3 + 0. Suppose -3*m = g, -f + 2*m = 3*f - 2998. Is f a composite number?
True
Let s(k) be the second derivative of -k**3 + k - 7/2*k**2 + 0. Is s(-5) a prime number?
True
Let m = -250 - -699. Is m a composite number?
False
Let z(x) = -4*x**2 - 3 - 4*x**2 + x**3 + 2*x**2 - 7*x + 10. Is z(8) a composite number?
False
Suppose 5*q - 654 = -f, 3*f - 2745 = -4*q - 838. Is f a prime number?
False
Suppose s - 226 - 33 = 0. Is s a composite number?
True
Let m(s) = 5*s**2 + s - 1. Let d be -2*((1 - 0) + -11). Suppose -6*r = -r - d. Is m(r) prime?
True
Suppose 0*d + 28 = 4*d. Suppose 0 = 2*j - 10, -4*s + d*s = 2*j + 2. Is s/(16/(-50))*-2 prime?
False
Let v(n) = -10*n**2 + 12 - n**3 + 4 - 3 - 11*n. Is v(-9) a prime number?
True
Is (1 - (-19340)/(-6))/((-1)/3) composite?
True
Suppose 8 = 3*k - 4. Suppose -1047 - 1925 = -k*v. Is v a prime number?
True
Let k = 499 - -42. Is k a composite number?
False
Let j(p) = 7*p**2 + 2*p + 1. Let c be j(-1). Let h(s) = -4*s - 8. Let f(d) = 1. Let g(w) = c*f(w) + h(w). Is g(-4) a composite number?
True
Let m = 786 + 3097. Is m composite?
True
Let h be 4/(-6) + (-1126)/(-6). Suppose -3*l + 742 = h. Is l a composite number?
True
Is (2149 - (1 - 1)) + (-3 - -7) prime?
True
Is (-1 + 2)*2186 + 2 + 1 prime?
False
Suppose f - 2*l = 5035, -5*f + 25168 = -l - 2*l. Is f composite?
True
Let n = 2 - 4. Let t(i) = 10*i**2 + i - 1. Is t(n) a prime number?
True
Suppose -6*p + 728 + 778 = 0. Is p a prime number?
True
Suppose w + 2*x = -64, 0 = w + 2*w + 5*x + 194. Let h = -37 - w. Suppose -3*s + h = -0*s + c, 25 = 3*s - 5*c. Is s a composite number?
True
Suppose -4*g - x + 40 = 0, 5*g + 3*x = 6*x + 33. Is (-740)/(-6) - g/27 composite?
True
Let u = -9 + 12. Let v be 8 - (2 + -2 + u). Suppose 0 = v*h - 30 - 125. Is h a prime number?
True
Suppose 4*z = -0*z. Let h be (470 - z)*2/5. Suppose 0 = -m - 3*m + h. Is m a prime number?
True
Is (-3 - -1)/((-2)/267) a composite number?
True
Suppose 2*j - 809 = 677. Is j a prime number?
True
Suppose n - 3*f - 111 - 348 = 0, 2*n + 2*f - 886 = 0. Is n a composite number?
True
Suppose 454 - 96 = 2*m. Is m a composite number?
False
Let l(j) = 18*j**2 + 2*j + 1. Let h(m) = -1 + 17*m**2 - 14*m**2 + 0. Let g be h(1). Is l(g) composite?
True
Let m(x) = -x**2 - 7*x - 7. Let g be m(-5). Suppose 0 = -t + g*t + 8, -5*l = 5*t - 765. Is l composite?
False
Let i be 3 + 3 + -3 + -9. Is ((-148)/i)/((-2)/(-21)) a prime number?
False
Is (-14)/(-4)*(11 + -7) composite?
True
Let k(d) = -d**3 - 13*d**2 - 3*d - 1. Let b(z) = z**2 - z - 1. Let s(m) = 5*b(m) + k(m). Is s(-8) a composite number?
True
Let a(r) be the third derivative of 47*r**5/20 - r**4/24 - 2*r**2. Let l be a(1). Is (2/(-4))/((-2)/l) a composite number?
True
Is 3 + ((-3)/9 - (-4766)/6) a prime number?
True
Suppose 3*k = 7*k - 2828. Is k a prime number?
False
Suppose -5*h + 13 = k, 6*k - 3 = 3*k + 3*h. Is ((764 - k) + 2)/1 prime?
False
Let b(c) = 5*c**2 - 2*c. Let p be b(6). Is 3 - (p*1)/(-3) a composite number?
False
Let p be -2 + -2 + (4 - 1). Let a be -4*(0 - -1)*p. Suppose 0 = -a*t + 112 + 220. Is t prime?
True
Let s = 249 - 119. Let u = 776 - s. Is u/10 - 6/(-15) a composite number?
True
Let v(i) = 6*i - 3*i - i. Let p be v(1). Is (-1 + p)/((-1)/(-25)) a prime number?
False
Let a(s) = -14*s + 7 - 24*s - 8*s. Is a(-5) composite?
True
Let h(t) = 17*t**2 + 3*t + 3. Let z be h(-2). Is (-187)/(-5) + (-26)/z prime?
True
Let d(n) = -349*n + 15. Is d(-2) prime?
False
Let p = -645 - -1060. Is p a composite number?
True
Suppose -5*l + 560 = q, -3*l - q - 78 = -416. Is l a composite number?
True
Suppose 0 = 3*k - 2*k + 115. Is (-12)/(-18) + k/(-3) a prime number?
False
Suppose 0 = 3*r + 2*k - 153, 2*k - 296 + 90 = -4*r. Suppose 2*u - r - 266 = -t, -2*t = -2*u + 328. Is u prime?
False
Suppose 6*b - 1677 = 765. Is b composite?
True
Let g(z) = -95*z + 15. Let p(d) = 47*d - 7. Let a(h) = -2*g(h) - 5*p(h). Is a(-8) a composite number?
True
Let z(f) = 7*f**3 - 4*f**2 + 5*f + 1. Let t be z(5). Suppose -5*u = 4*l - t, -156 = 2*u - 5*l - 450. Is u a prime number?
True
Suppose -l - 165 = -4*l. Is l composite?
True
Let v(d) = -2*d + 5. Let g(m) = 2*m + 6. Let y be g(7). Suppose -2*h = 13 - 3, 5*n + y = h. Is v(n) composi